6406956456?
5
What is the units digit of 152185831?
1
What is the hundred millions digit of 7493259364?
4
What is the millions digit of 50203040?
0
What is the hundreds digit of 8994476010?
0
What is the units digit of 253288321?
1
What is the ten thousands digit of 39024652?
2
What is the thousands digit of 64133259?
3
What is the ten thousands digit of 353897403?
9
What is the tens digit of 2789971604?
0
What is the hundreds digit of 397727450?
4
What is the hundred thousands digit of 736597579?
5
What is the hundred thousands digit of 470096449?
0
What is the hundreds digit of 2290584848?
8
What is the hundred millions digit of 502803793?
5
What is the thousands digit of 6136103?
6
What is the hundred thousands digit of 13886802?
8
What is the thousands digit of 6121273326?
3
What is the ten thousands digit of 756554061?
5
What is the hundreds digit of 5870517?
5
What is the hundred thousands digit of 259917156?
9
What is the units digit of 1306163518?
8
What is the millions digit of 1110666130?
0
What is the hundred thousands digit of 1536822862?
8
What is the hundred thousands digit of 27228539?
2
What is the millions digit of 99051311?
9
What is the hundred thousands digit of 43051764?
0
What is the ten millions digit of 213600011?
1
What is the thousands digit of 7491330692?
0
What is the ten millions digit of 558826976?
5
What is the tens digit of 1596106579?
7
What is the ten millions digit of 6527970767?
2
What is the hundred thousands digit of 1183865928?
8
What is the ten thousands digit of 59345499?
4
What is the tens digit of 19784062?
6
What is the hundreds digit of 54886552?
5
What is the ten thousands digit of 417084267?
8
What is the tens digit of 32422204?
0
What is the hundreds digit of 4460284793?
7
What is the thousands digit of 80478580?
8
What is the units digit of 989588528?
8
What is the thousands digit of 1073607937?
7
What is the ten millions digit of 357551459?
5
What is the millions digit of 413753304?
3
What is the ten millions digit of 199049753?
9
What is the millions digit of 169036608?
9
What is the thousands digit of 1869249408?
9
What is the millions digit of 36924671?
6
What is the units digit of 41849041?
1
What is the units digit of 130336252?
2
What is the ten millions digit of 3020240081?
2
What is the millions digit of 67615287?
7
What is the thousands digit of 41212270?
2
What is the units digit of 2758108440?
0
What is the ten millions digit of 680931032?
8
What is the units digit of 332388480?
0
What is the ten thousands digit of 105765364?
6
What is the thousands digit of 662795593?
5
What is the units digit of 209166814?
4
What is the tens digit of 25109521?
2
What is the ten millions digit of 219346259?
1
What is the ten thousands digit of 1107864353?
6
What is the hundreds digit of 487947162?
1
What is the ten thousands digit of 31192949?
9
What is the hundreds digit of 91451900?
9
What is the tens digit of 2075581231?
3
What is the ten millions digit of 469854099?
6
What is the ten thousands digit of 363217442?
1
What is the hundred millions digit of 488034904?
4
What is the hundreds digit of 864196844?
8
What is the hundred thousands digit of 559457313?
4
What is the ten thousands digit of 50327517?
2
What is the ten thousands digit of 562313435?
1
What is the thousands digit of 3744394445?
4
What is the ten thousands digit of 1388300791?
0
What is the thousands digit of 5003307822?
7
What is the ten millions digit of 210819238?
1
What is the hundreds digit of 296803669?
6
What is the units digit of 34376110?
0
What is the hundreds digit of 100676074?
0
What is the units digit of 351899216?
6
What is the ten millions digit of 1443781333?
4
What is the ten millions digit of 104139528?
0
What is the hundreds digit of 41466812?
8
What is the millions digit of 44395819?
4
What is the hundreds digit of 371783894?
8
What is the millions digit of 226805330?
6
What is the hundreds digit of 81551262?
2
What is the hundreds digit of 1028622666?
6
What is the hundreds digit of 1972456800?
8
What is the hundred thousands digit of 35720783?
7
What is the hundred millions digit of 1526173457?
5
What is the millions digit of 6518733380?
8
What is the tens digit of 209101165?
6
What is the hundred millions digit of 175669929?
1
What is the tens digit of 6969168521?
2
What is the ten millions digit of 121200911?
2
What is the billions digit of 1250285259?
1
What is the thousands digit of 547666574?
6
What is the hundred thousands digit of 928786355?
7
What is the hundred millions digit of 2451474836?
4
What is the ten thousands digit of 12790790?
9
What is the thousands digit of 443343771?
3
What is the tens digit of 248282454?
5
What is the hundreds digit of 3221896921?
9
What is the units digit of 1088402076?
6
What is the tens digit of 120465643?
4
What is the ten millions digit of 1452520880?
5
What is the tens digit of 224055284?
8
What is the millions digit of 277826354?
7
What is the units digit of 716170516?
6
What is the hundred millions digit of 482988747?
4
What is the thousands digit of 2823306753?
6
What is the hundreds digit of 558576040?
0
What is the thousands digit of 385222061?
2
What is the thousands digit of 80177177?
7
What is the millions digit of 68534803?
8
What is the hundreds digit of 352628538?
5
What is the units digit of 46097526?
6
What is the ten thousands digit of 1013047915?
4
What is the hundred thousands digit of 49054507?
0
What is the ten millions digit of 691275113?
9
What is the tens digit of 6501648333?
3
What is the tens digit of 54953236?
3
What is the ten thousands digit of 749575012?
7
What is the ten millions digit of 3490685737?
9
What is the billions digit of 1246876579?
1
What is the millions digit of 206045511?
6
What is the hundreds digit of 734906797?
7
What is the hundred millions digit of 954982076?
9
What is the hundreds digit of 163456314?
3
What is the millions digit of 31671181?
1
What is the hundred millions digit of 2751959042?
7
What is the billions digit of 2533804204?
2
What is the hundreds digit of 49552693?
6
What is the ten thousands digit of 171774617?
7
What is the hundred thousands digit of 649185008?
1
What is the thousands digit of 271859283?
9
What is the units digit of 3449031898?
8
What is the thousands digit of 178514347?
4
What is the millions digit of 1934769767?
4
What is the millions digit of 171662298?
1
What is the units digit of 3269406324?
4
What is the hundreds digit of 109526471?
4
What is the hundred thousands digit of 1482121728?
1
What is the ten millions digit of 37611532?
3
What is the hundred thousands digit of 40164014?
1
What is the hundred thousands digit of 1932198491?
1
What is the hundred millions digit of 2668062008?
6
What is the millions digit of 954596290?
4
What is the hundreds digit of 1559706?
7
What is the billions digit of 1631157411?
1
What is the hundreds digit of 5833935932?
9
What is the millions digit of 100318473?
0
What is the ten millions digit of 67599737?
6
What is the hundred millions digit of 215711298?
2
What is the tens digit of 291801008?
0
What is the tens digit of 1356953350?
5
What is the units digit of 6029040892?
2
What is the units digit of 59120060?
0
What is the tens digit of 288874063?
6
What is the hundreds digit of 261032462?
4
What is the ten thousands digit of 60752530?
5
What is the millions digit of 18183149?
8
What is the hundred millions digit of 108887141?
1
What is the millions digit of 8637426?
8
What is the units digit of 1921953271?
1
What is the hundred thousands digit of 134400861?
4
What is the ten millions digit of 1332656408?
3
What is the ten millions digit of 388017480?
8
What is the ten millions digit of 533910632?
3
What is the hundred thousands digit of 1242280078?
2
What is the ten thousands digit of 445402340?
0
What is the hundreds digit of 284347375?
3
What is the hundred millions digit of 1528750754?
5
What is the tens digit of 1013593297?
9
What is the thousands digit of 9779550?
9
What is the ten millions digit of 1674951068?
7
What is the ten thousands digit of 352974357?
7
What is the hundred thousands digit of 1483847775?
8
What is the hundred millions digit of 166921685?
1
What is the ten millions digit of 10437758?
1
What is the hundreds digit